{"id":620,"date":"2014-02-28T06:54:05","date_gmt":"2014-02-28T04:54:05","guid":{"rendered":"http:\/\/news.bowlingpaca.fr\/?page_id=620"},"modified":"2025-09-24T12:40:00","modified_gmt":"2025-09-24T10:40:00","slug":"liens","status":"publish","type":"page","link":"http:\/\/new.bowlingpaca.fr\/?page_id=620","title":{"rendered":"Liens"},"content":{"rendered":"<blockquote>\n<p class=\"style23\" style=\"text-align: justify;\">Cet emplacement est le votre, vous pouvez nous donner un lien vers votre site ou blog de club, un lien vers un site int\u00e9ressant pour les joueurs de bowling (dans ce dernier cas, le Comit\u00e9 Directeur de la Ligue est seul comp\u00e9tent pour d\u00e9cider de la publication de ce lien.<\/p>\n<\/blockquote>\n<h4><span style=\"color: #0000ff; font-family: arial, helvetica, sans-serif;\"><strong><a style=\"color: #0000ff;\" href=\"http:\/\/jmmasse1.wix.com\/avbpbandol\" target=\"_blank\" rel=\"noopener noreferrer\">AVBP BANDOL<\/a><\/strong><\/span><\/h4>\n<h4><span style=\"color: #0000ff; font-family: arial, helvetica, sans-serif;\"><a style=\"color: #0000ff;\" href=\"http:\/\/adeb-draguignan.clubeo.com\" target=\"_blank\" rel=\"noopener noreferrer\">ADEB DRAGUIGNAN<\/a><\/span><\/h4>\n<h4><span style=\"color: #0000ff; font-family: arial, helvetica, sans-serif;\"><a style=\"color: #0000ff;\" href=\"http:\/\/www.ecolebowlingdraguignan.fr\" target=\"_blank\" rel=\"noopener noreferrer\">ECOLE DE BOWLING DE DRAGUIGNAN<\/a><\/span><\/h4>\n<h4><span style=\"color: #0000ff; font-family: arial, helvetica, sans-serif;\"><a style=\"color: #0000ff;\" href=\"http:\/\/new.bowlingpaca.fr\/?page_id=20158\" target=\"_blank\" rel=\"noopener noreferrer\">COMIT\u00c9 D\u00c9PARTEMENTAL DU VAR (CD83)<\/a><\/span><\/h4>\n<h4><a href=\"http:\/\/new.bowlingpaca.fr\/?page_id=30862\" target=\"_blank\" rel=\"noopener\"><span style=\"color: #0000ff; font-family: arial, helvetica, sans-serif;\">COMIT\u00c9 D\u00c9PARTEMENTAL DES ALPES MARITIMES (CD06)<\/span><\/a><\/h4>\n<h4><span style=\"color: #0000ff; font-family: arial, helvetica, sans-serif;\"><a class=\"style22\" style=\"font-size: 1em; line-height: 19px; color: #0000ff;\" href=\"http:\/\/bowling-club-pertuis.fr\" target=\"_blank\" rel=\"noopener noreferrer\">BOWLING CLUB PERTUIS SAINT BARTH<\/a><\/span><\/h4>\n<h4><span style=\"color: #0000ff; font-family: arial, helvetica, sans-serif;\"><a style=\"color: #0000ff;\" href=\"http:\/\/www.ffbsq.org\/\" target=\"_blank\" rel=\"noopener noreferrer\">F.F.B.S.Q.<\/a><\/span><\/h4>\n<h4><span style=\"color: #0000ff; font-family: arial, helvetica, sans-serif;\"><a style=\"color: #0000ff;\" href=\"http:\/\/b.c.a.c.free.fr\" target=\"_blank\" rel=\"noopener noreferrer\">B. C. A. C \u2013 Bowling Club Arles Camargue <\/a><\/span><\/h4>\n<h4><span class=\"style23\" style=\"color: #0000ff; font-family: arial, helvetica, sans-serif;\"><a style=\"color: #0000ff;\" href=\"http:\/\/www.leforumdubowling.fr\/index.php\" target=\"_blank\" rel=\"noopener noreferrer\">LE FORUM DU BOWLING<\/a><\/span><\/h4>\n<h4><span style=\"color: #0000ff; font-family: arial, helvetica, sans-serif;\"><a style=\"color: #0000ff;\" href=\"http:\/\/www.bowling-draguignan.fr\/content\/fr\/accueil\/14\/\" target=\"_blank\" rel=\"noopener noreferrer\">BOWLING DE DRAGUIGNAN<\/a><\/span><\/h4>\n<h4><a href=\"https:\/\/bowling-club-avignon.pagesperso-orange.fr\/\" target=\"_blank\" rel=\"noopener\"><span style=\"color: #0000ff; font-family: arial, helvetica, sans-serif;\"><strong>STRIKE &amp;\u00a0 SPARES AVIGNON<\/strong><\/span><\/a><\/h4>\n<h4><span style=\"color: #0000ff; font-family: arial, helvetica, sans-serif;\"><a style=\"color: #0000ff;\" href=\"http:\/\/rctbowling.fr\/\" target=\"_blank\" rel=\"noopener noreferrer\"><strong>R.C.T. BOWLING<\/strong><\/a><\/span><\/h4>\n<h4><a href=\"https:\/\/www.cigales-bowlers.com\/\" target=\"_blank\" rel=\"noopener\"><span style=\"color: #0000ff;\">LES CIGALES BOWLERS DE PERTUIS<\/span><\/a><\/h4>\n<p style=\"text-align: right;\">Mise \u00e0 jour le 17\/11\/2022<\/p>\n","protected":false},"excerpt":{"rendered":"<p>Cet emplacement est le votre, vous pouvez nous donner un lien vers votre site ou blog de club, un lien vers un site int\u00e9ressant pour les joueurs de bowling (dans ce dernier cas, le Comit\u00e9 Directeur de la Ligue est seul comp\u00e9tent pour d\u00e9cider de la publication de ce lien. AVBP BANDOL ADEB DRAGUIGNAN ECOLE DE BOWLING DE DRAGUIGNAN COMIT\u00c9<\/p>\n","protected":false},"author":4,"featured_media":0,"parent":0,"menu_order":0,"comment_status":"open","ping_status":"open","template":"","meta":{"footnotes":""},"class_list":["post-620","page","type-page","status-publish","hentry"],"_links":{"self":[{"href":"http:\/\/new.bowlingpaca.fr\/index.php?rest_route=\/wp\/v2\/pages\/620","targetHints":{"allow":["GET"]}}],"collection":[{"href":"http:\/\/new.bowlingpaca.fr\/index.php?rest_route=\/wp\/v2\/pages"}],"about":[{"href":"http:\/\/new.bowlingpaca.fr\/index.php?rest_route=\/wp\/v2\/types\/page"}],"author":[{"embeddable":true,"href":"http:\/\/new.bowlingpaca.fr\/index.php?rest_route=\/wp\/v2\/users\/4"}],"replies":[{"embeddable":true,"href":"http:\/\/new.bowlingpaca.fr\/index.php?rest_route=%2Fwp%2Fv2%2Fcomments&post=620"}],"version-history":[{"count":39,"href":"http:\/\/new.bowlingpaca.fr\/index.php?rest_route=\/wp\/v2\/pages\/620\/revisions"}],"predecessor-version":[{"id":30874,"href":"http:\/\/new.bowlingpaca.fr\/index.php?rest_route=\/wp\/v2\/pages\/620\/revisions\/30874"}],"wp:attachment":[{"href":"http:\/\/new.bowlingpaca.fr\/index.php?rest_route=%2Fwp%2Fv2%2Fmedia&parent=620"}],"curies":[{"name":"wp","href":"https:\/\/api.w.org\/{rel}","templated":true}]}}