{"id":17070,"date":"2019-09-02T18:49:23","date_gmt":"2019-09-02T16:49:23","guid":{"rendered":"http:\/\/new.bowlingpaca.fr\/?page_id=17070"},"modified":"2020-03-09T20:03:45","modified_gmt":"2020-03-09T18:03:45","slug":"jeunes-201-2020","status":"publish","type":"page","link":"http:\/\/new.bowlingpaca.fr\/?page_id=17070","title":{"rendered":"JEUNES 2019-2020"},"content":{"rendered":"<p style=\"text-align: center;\"><a href=\"http:\/\/new.bowlingpaca.fr\/wp-content\/uploads\/2019\/10\/2020-ChampionnatRegionalJeunes-Classements.pdf\"><img loading=\"lazy\" decoding=\"async\" class=\"aligncenter wp-image-17265\" src=\"http:\/\/new.bowlingpaca.fr\/wp-content\/uploads\/2019\/09\/Les-r\u00e9sultats-300x82.png\" alt=\"\" width=\"250\" height=\"69\" srcset=\"http:\/\/new.bowlingpaca.fr\/wp-content\/uploads\/2019\/09\/Les-r\u00e9sultats-300x82.png 300w, http:\/\/new.bowlingpaca.fr\/wp-content\/uploads\/2019\/09\/Les-r\u00e9sultats.png 535w\" sizes=\"auto, (max-width: 250px) 100vw, 250px\" \/><\/a><a href=\"https:\/\/framadate.org\/h1RwGwNf4SkWdTSP\"><img loading=\"lazy\" decoding=\"async\" class=\"alignnone wp-image-17427 size-thumbnail\" src=\"http:\/\/new.bowlingpaca.fr\/wp-content\/uploads\/2019\/10\/inscription-1-250x55.jpg\" alt=\"\" width=\"250\" height=\"55\" \/><\/a><\/p>\n<p style=\"text-align: center;\"><strong>( Cl\u00f4ture des inscriptions le jeudi pr\u00e9c\u00e9dant la journ\u00e9e, \u00e0 20h00)<\/strong><\/p>\n<table style=\"height: 199px;\" width=\"693\">\n<tbody>\n<tr>\n<td><strong>J1<\/strong><\/td>\n<td><em><strong>PLAN DE CAMPAGNE<br \/>\n<\/strong><\/em><\/td>\n<td>dimanche\u00a0\u00a0 6 octobre 2019, 10h00<\/td>\n<\/tr>\n<tr>\n<td><strong>J2<\/strong><\/td>\n<td><em><strong>NICE<\/strong><br \/>\n<\/em><\/td>\n<td>dimanche 20 octobre 2019, 10h00<\/td>\n<\/tr>\n<tr>\n<td><strong>J3<\/strong><\/td>\n<td><strong><em>TOULON<\/em><\/strong><\/td>\n<td>dimanche\u00a0\u00a0 8 d\u00e9cembre 2019, 10h00<\/td>\n<\/tr>\n<tr>\n<td><strong>J4<\/strong><\/td>\n<td><strong><em>PERTUIS<\/em><\/strong><\/td>\n<td>dimanche 12 janvier 2020, 10h00\u00a0\u00a0 <del><br \/>\n<\/del><\/td>\n<\/tr>\n<tr>\n<td><strong>J5<\/strong><\/td>\n<td><strong><em>NICE<\/em><\/strong><\/td>\n<td>dimanche\u00a0\u00a0 9 f\u00e9vrier 2020, 10h00<\/td>\n<\/tr>\n<tr>\n<td><strong>J6<\/strong><\/td>\n<td><strong><em>DRAGUIGNAN<\/em><\/strong><\/td>\n<td><span style=\"color: #ff0000;\">sam 14 et dim 15 mars 2020, 10h00<\/span><\/td>\n<\/tr>\n<tr>\n<td><\/td>\n<td><\/td>\n<td><\/td>\n<\/tr>\n<\/tbody>\n<\/table>\n<ul>\n<li><strong>Finale\u00a0 R\u00c9GIONALE les 13 et 14 juin 2020 \u00e0 DRAGUIGNAN<\/strong><\/li>\n<li>Finale NATIONALE les 4 et 5 juillet \u00e0 ????<\/li>\n<li><strong><a href=\"http:\/\/www.ffbsq.org\/bowling\/Competitions_Federales\/Jeunes\/reglement\/regfed_2020_championnats-france-jeunes.pdf\" target=\"_blank\" rel=\"noopener noreferrer\">R\u00c8GLEMENT<\/a><\/strong><\/li>\n<\/ul>\n<blockquote><p>\u00a0votre contact: <strong>Jean-Claude BOVA , <a href=\"mailto:21bova.crpaca@orange.fr\">21bova.crpaca@orange.fr,<\/a> 06.80.63.45.74<\/strong><\/p><\/blockquote>\n","protected":false},"excerpt":{"rendered":"<p>( Cl\u00f4ture des inscriptions le jeudi pr\u00e9c\u00e9dant la journ\u00e9e, \u00e0 20h00) J1 PLAN DE CAMPAGNE dimanche\u00a0\u00a0 6 octobre 2019, 10h00 J2 NICE dimanche 20 octobre 2019, 10h00 J3 TOULON dimanche\u00a0\u00a0 8 d\u00e9cembre 2019, 10h00 J4 PERTUIS dimanche 12 janvier 2020, 10h00\u00a0\u00a0 J5 NICE dimanche\u00a0\u00a0 9 f\u00e9vrier 2020, 10h00 J6 DRAGUIGNAN sam 14 et dim 15 mars 2020, 10h00 Finale\u00a0 R\u00c9GIONALE<\/p>\n","protected":false},"author":275,"featured_media":0,"parent":0,"menu_order":0,"comment_status":"closed","ping_status":"closed","template":"","meta":{"footnotes":""},"class_list":["post-17070","page","type-page","status-publish","hentry"],"_links":{"self":[{"href":"http:\/\/new.bowlingpaca.fr\/index.php?rest_route=\/wp\/v2\/pages\/17070","targetHints":{"allow":["GET"]}}],"collection":[{"href":"http:\/\/new.bowlingpaca.fr\/index.php?rest_route=\/wp\/v2\/pages"}],"about":[{"href":"http:\/\/new.bowlingpaca.fr\/index.php?rest_route=\/wp\/v2\/types\/page"}],"author":[{"embeddable":true,"href":"http:\/\/new.bowlingpaca.fr\/index.php?rest_route=\/wp\/v2\/users\/275"}],"replies":[{"embeddable":true,"href":"http:\/\/new.bowlingpaca.fr\/index.php?rest_route=%2Fwp%2Fv2%2Fcomments&post=17070"}],"version-history":[{"count":16,"href":"http:\/\/new.bowlingpaca.fr\/index.php?rest_route=\/wp\/v2\/pages\/17070\/revisions"}],"predecessor-version":[{"id":18571,"href":"http:\/\/new.bowlingpaca.fr\/index.php?rest_route=\/wp\/v2\/pages\/17070\/revisions\/18571"}],"wp:attachment":[{"href":"http:\/\/new.bowlingpaca.fr\/index.php?rest_route=%2Fwp%2Fv2%2Fmedia&parent=17070"}],"curies":[{"name":"wp","href":"https:\/\/api.w.org\/{rel}","templated":true}]}}