{"id":1651,"date":"2011-11-02T08:25:09","date_gmt":"2011-11-02T08:25:09","guid":{"rendered":"http:\/\/news.bowlingpaca.fr\/?page_id=1651"},"modified":"2011-11-02T08:25:09","modified_gmt":"2011-11-02T08:25:09","slug":"championnat-de-france-jeunes","status":"publish","type":"page","link":"http:\/\/new.bowlingpaca.fr\/?page_id=1651","title":{"rendered":"Championnat de France Jeunes"},"content":{"rendered":"<p>La Finale nationale\u00a0se d\u00e9roulera les\u00a012 et 13 novembre 2011 au Bowling de Saint Maximin.<\/p>\n<p><a href=\"http:\/\/news.bowlingpaca.fr\/wp-content\/uploads\/2011\/11\/Horaires_finales_jeunes.pdf\">Horaires finales jeunes<\/a> &#8211;\u00a0\u00a0 <a href=\"http:\/\/news.bowlingpaca.fr\/wp-content\/uploads\/2011\/11\/qualifies_finale_nationale__filles.pdf\">qualifi\u00e9es finale nationale filles<\/a> &#8211;\u00a0 <a href=\"http:\/\/news.bowlingpaca.fr\/wp-content\/uploads\/2011\/11\/qualifies_finale_nationale_garcons.pdf\">qualifi\u00e9s finale nationale gar\u00e7ons<\/a><\/p>\n<p><a href=\"http:\/\/news.bowlingpaca.fr\/wp-content\/uploads\/2011\/11\/REGFED_2011_Championnats-Jeunes-1_1.pdf\">R\u00e8glement Championnat de France Jeunes 2011<\/a><\/p>\n","protected":false},"excerpt":{"rendered":"<p>La Finale nationale\u00a0se d\u00e9roulera les\u00a012 et 13 novembre 2011 au Bowling de Saint Maximin. Horaires finales jeunes &#8211;\u00a0\u00a0 qualifi\u00e9es finale nationale filles &#8211;\u00a0 qualifi\u00e9s finale nationale gar\u00e7ons R\u00e8glement Championnat de France Jeunes 2011<\/p>\n","protected":false},"author":4,"featured_media":0,"parent":0,"menu_order":0,"comment_status":"closed","ping_status":"open","template":"","meta":{"footnotes":""},"class_list":["post-1651","page","type-page","status-publish","hentry"],"_links":{"self":[{"href":"http:\/\/new.bowlingpaca.fr\/index.php?rest_route=\/wp\/v2\/pages\/1651","targetHints":{"allow":["GET"]}}],"collection":[{"href":"http:\/\/new.bowlingpaca.fr\/index.php?rest_route=\/wp\/v2\/pages"}],"about":[{"href":"http:\/\/new.bowlingpaca.fr\/index.php?rest_route=\/wp\/v2\/types\/page"}],"author":[{"embeddable":true,"href":"http:\/\/new.bowlingpaca.fr\/index.php?rest_route=\/wp\/v2\/users\/4"}],"replies":[{"embeddable":true,"href":"http:\/\/new.bowlingpaca.fr\/index.php?rest_route=%2Fwp%2Fv2%2Fcomments&post=1651"}],"version-history":[{"count":2,"href":"http:\/\/new.bowlingpaca.fr\/index.php?rest_route=\/wp\/v2\/pages\/1651\/revisions"}],"predecessor-version":[{"id":1658,"href":"http:\/\/new.bowlingpaca.fr\/index.php?rest_route=\/wp\/v2\/pages\/1651\/revisions\/1658"}],"wp:attachment":[{"href":"http:\/\/new.bowlingpaca.fr\/index.php?rest_route=%2Fwp%2Fv2%2Fmedia&parent=1651"}],"curies":[{"name":"wp","href":"https:\/\/api.w.org\/{rel}","templated":true}]}}