{"id":11359,"date":"2016-12-14T13:03:56","date_gmt":"2016-12-14T11:03:56","guid":{"rendered":"http:\/\/news.bowlingpaca.fr\/?page_id=11359"},"modified":"2017-04-09T22:16:07","modified_gmt":"2017-04-09T20:16:07","slug":"jeunes-2016-2017","status":"publish","type":"page","link":"http:\/\/new.bowlingpaca.fr\/?page_id=11359","title":{"rendered":"JEUNES 2016-2017"},"content":{"rendered":"<p style=\"text-align: left;\"><strong><span style=\"color: #000000;\">1 &#8211; CHAMPIONNAT R\u00c9GIONAL JEUNES 2016-2017<\/span><\/strong><\/p>\n<ul>\n<li style=\"text-align: left;\"><a href=\"http:\/\/www.ffbsq.org\/bowling\/reg_fed\/reglements_federaux\/REGFED_2017_Championnats-Jeunes.pdf\" target=\"_blank\">R\u00e8glement<\/a><\/li>\n<\/ul>\n<p style=\"text-align: center;\"><span style=\"color: #ff0000;\"><strong>\u00a0<a style=\"color: #ff0000;\" href=\"http:\/\/news.bowlingpaca.fr\/wp-content\/uploads\/2017\/04\/Classements-Championnat-de-France-Jeunes-2016-2017.pdf\" target=\"_blank\">CLASSEMENT GENERAL<\/a><\/strong><\/span><\/p>\n<p style=\"text-align: left;\">Lexer dans le classement g\u00e9n\u00e9ral, n\u2019affiche que les 4 meilleures journ\u00e9es.<\/p>\n<p>Les Jeunes n&rsquo;ayant particip\u00e9 qu&rsquo;\u00e0 une seule journ\u00e9e n&rsquo;apparaissent pas dans le classement g\u00e9n\u00e9ral Lexer. Ils seront class\u00e9s apr\u00e8s avoir jou\u00e9 2 journ\u00e9es minimum.<\/p>\n<p>&nbsp;<\/p>\n<p style=\"text-align: center;\">\n<table id=\"tablepress-66\" class=\"tablepress tablepress-id-66 tbody-has-connected-cells\">\n<thead>\n<tr class=\"row-1\">\n\t<td class=\"column-1\"><\/td><th class=\"column-2\">Dates<\/th><th class=\"column-3\">LIEUX<\/th><th class=\"column-4\">INSCRIPTIONS<\/th><td class=\"column-5\"><\/td>\n<\/tr>\n<\/thead>\n<tbody class=\"row-striping row-hover\">\n<tr class=\"row-2\">\n\t<td class=\"column-1\">J1<\/td><td class=\"column-2\">29\/10\/2016<br \/>\n<\/td><td class=\"column-3\">TOULON<\/td><td class=\"column-4\"><\/td><td class=\"column-5\"><\/td>\n<\/tr>\n<tr class=\"row-3\">\n\t<td class=\"column-1\">J2<\/td><td class=\"column-2\">27-28\/11\/2016<\/td><td class=\"column-3\">DRAGUIGNAN<\/td><td class=\"column-4\"><\/td><td class=\"column-5\"><\/td>\n<\/tr>\n<tr class=\"row-4\">\n\t<td class=\"column-1\">J3<\/td><td class=\"column-2\">14-15\/01\/2017<\/td><td class=\"column-3\">BANDOL<\/td><td class=\"column-4\"><a href=\"http:\/\/docs.google.com\/forms\/d\/10g9Kfq0i_2gzgLjk4l-eRrQJ4InKqPaAeBXAoFX-A2M\/prefill\" target=\"_blank\">Inscription en ligne<\/a><\/td><td class=\"column-5\"><a href=\"http:\/\/docs.google.com\/spreadsheets\/d\/1KQXw4LKECwXVS_Bh6RFKu9OqR5ubu1HUiZaTGVmY5_c\/edit?usp=sharing\" target=\"_blank\">Listes des INSCRITS<\/a><\/td>\n<\/tr>\n<tr class=\"row-5\">\n\t<td class=\"column-1\">J4<\/td><td class=\"column-2\">5\/02\/2017<\/td><td class=\"column-3\">PLAN DE CAMPAGNE<\/td><td colspan=\"2\" rowspan=\"3\" class=\"column-4\">        <br \/>\n<a href=\"https:\/\/framadate.org\/DS7OXKyxpqx3uPo6\" target=\"_blank\"> Inscriptions   J4 - J5 - J6<\/a><\/td>\n<\/tr>\n<tr class=\"row-6\">\n\t<td class=\"column-1\">J5<\/td><td class=\"column-2\">18\/03\/2017<\/td><td class=\"column-3\">Martigues a \u00e9t\u00e9 remplac\u00e9 par AVIGNON<\/td>\n<\/tr>\n<tr class=\"row-7\">\n\t<td class=\"column-1\">J6<\/td><td class=\"column-2\">8\/04\/2017<\/td><td class=\"column-3\">NICE<\/td>\n<\/tr>\n<\/tbody>\n<\/table>\n<!-- #tablepress-66 from cache --><\/p>\n<p style=\"text-align: left;\"><strong>2 &#8211; INTERREGION<\/strong> : 6 et\/ou 7 Mai 2017\u00a0 en <span style=\"color: #ff0000;\">OCCITANIE<\/span><\/p>\n<p style=\"text-align: left;\"><strong>3 &#8211; FINALE NATIONALE<\/strong> : 1 et 2 Juillet 2017 \u00e0 CLERMONT-FERRAND<\/p>\n","protected":false},"excerpt":{"rendered":"<p>1 &#8211; CHAMPIONNAT R\u00c9GIONAL JEUNES 2016-2017 R\u00e8glement \u00a0CLASSEMENT GENERAL Lexer dans le classement g\u00e9n\u00e9ral, n\u2019affiche que les 4 meilleures journ\u00e9es. Les Jeunes n&rsquo;ayant particip\u00e9 qu&rsquo;\u00e0 une seule journ\u00e9e n&rsquo;apparaissent pas dans le classement g\u00e9n\u00e9ral Lexer. Ils seront class\u00e9s apr\u00e8s avoir jou\u00e9 2 journ\u00e9es minimum. &nbsp; 2 &#8211; INTERREGION : 6 et\/ou 7 Mai 2017\u00a0 en OCCITANIE 3 &#8211; FINALE NATIONALE<\/p>\n","protected":false},"author":275,"featured_media":0,"parent":0,"menu_order":0,"comment_status":"closed","ping_status":"closed","template":"","meta":{"footnotes":""},"class_list":["post-11359","page","type-page","status-publish","hentry"],"_links":{"self":[{"href":"http:\/\/new.bowlingpaca.fr\/index.php?rest_route=\/wp\/v2\/pages\/11359","targetHints":{"allow":["GET"]}}],"collection":[{"href":"http:\/\/new.bowlingpaca.fr\/index.php?rest_route=\/wp\/v2\/pages"}],"about":[{"href":"http:\/\/new.bowlingpaca.fr\/index.php?rest_route=\/wp\/v2\/types\/page"}],"author":[{"embeddable":true,"href":"http:\/\/new.bowlingpaca.fr\/index.php?rest_route=\/wp\/v2\/users\/275"}],"replies":[{"embeddable":true,"href":"http:\/\/new.bowlingpaca.fr\/index.php?rest_route=%2Fwp%2Fv2%2Fcomments&post=11359"}],"version-history":[{"count":15,"href":"http:\/\/new.bowlingpaca.fr\/index.php?rest_route=\/wp\/v2\/pages\/11359\/revisions"}],"predecessor-version":[{"id":12107,"href":"http:\/\/new.bowlingpaca.fr\/index.php?rest_route=\/wp\/v2\/pages\/11359\/revisions\/12107"}],"wp:attachment":[{"href":"http:\/\/new.bowlingpaca.fr\/index.php?rest_route=%2Fwp%2Fv2%2Fmedia&parent=11359"}],"curies":[{"name":"wp","href":"https:\/\/api.w.org\/{rel}","templated":true}]}}