{"id":10083,"date":"2015-09-22T10:04:05","date_gmt":"2015-09-22T08:04:05","guid":{"rendered":"http:\/\/news.bowlingpaca.fr\/?page_id=10083"},"modified":"2015-09-22T10:06:26","modified_gmt":"2015-09-22T08:06:26","slug":"chpt-clubs-paca-j3-lexer-toulon","status":"publish","type":"page","link":"http:\/\/new.bowlingpaca.fr\/?page_id=10083","title":{"rendered":"CHPT CLUBS PACA J3 LEXER TOULON"},"content":{"rendered":"<h3 style=\"text-align: center;\"><span style=\"text-decoration: underline;\"><span style=\"color: #ff6600; text-decoration: underline;\">R\u00c9SULTATS 3\u00e8me Journ\u00e9e du championnat des clubs Paca sous LEXER<\/span><\/span><\/h3>\n<p><a href=\"http:\/\/bowling.lexerbowling.com\/bowlingdeprovence\/championnatdesclubs3emej-r1dames\/\" target=\"_blank\">R1 Dames<\/a><\/p>\n<p><a href=\"http:\/\/bowling.lexerbowling.com\/bowlingdeprovence\/championnatdesclubs3emej-r2dames\/\" target=\"_blank\">R2 Dames<\/a><\/p>\n<p><a href=\"http:\/\/bowling.lexerbowling.com\/bowlingdeprovence\/championnatdesclubs3emej-r3dames\/\" target=\"_blank\">R3 Dames<\/a><\/p>\n<p><a href=\"http:\/\/bowling.lexerbowling.com\/bowlingdeprovence\/championnatdesclubs3emej-r1hommes\/\" target=\"_blank\">R1 Hommes<\/a><\/p>\n<p><a href=\"http:\/\/bowling.lexerbowling.com\/bowlingdeprovence\/championnatdesclubs3emej-r2ahommes\/\" target=\"_blank\">R2A Hommes<\/a><\/p>\n<p><a href=\"http:\/\/bowling.lexerbowling.com\/bowlingdeprovence\/championnatdesclubs3emej-r2bhommes\/\" target=\"_blank\">R2B Hommes<\/a><\/p>\n<p><a href=\"http:\/\/bowling.lexerbowling.com\/bowlingdeprovence\/championnatdesclubs3emej-r3chommes\/\" target=\"_blank\">R3C Hommes<\/a><\/p>\n","protected":false},"excerpt":{"rendered":"<p>R\u00c9SULTATS 3\u00e8me Journ\u00e9e du championnat des clubs Paca sous LEXER R1 Dames R2 Dames R3 Dames R1 Hommes R2A Hommes R2B Hommes R3C Hommes<\/p>\n","protected":false},"author":4,"featured_media":0,"parent":0,"menu_order":0,"comment_status":"open","ping_status":"closed","template":"onecolumn-page.php","meta":{"footnotes":""},"class_list":["post-10083","page","type-page","status-publish","hentry"],"_links":{"self":[{"href":"http:\/\/new.bowlingpaca.fr\/index.php?rest_route=\/wp\/v2\/pages\/10083","targetHints":{"allow":["GET"]}}],"collection":[{"href":"http:\/\/new.bowlingpaca.fr\/index.php?rest_route=\/wp\/v2\/pages"}],"about":[{"href":"http:\/\/new.bowlingpaca.fr\/index.php?rest_route=\/wp\/v2\/types\/page"}],"author":[{"embeddable":true,"href":"http:\/\/new.bowlingpaca.fr\/index.php?rest_route=\/wp\/v2\/users\/4"}],"replies":[{"embeddable":true,"href":"http:\/\/new.bowlingpaca.fr\/index.php?rest_route=%2Fwp%2Fv2%2Fcomments&post=10083"}],"version-history":[{"count":1,"href":"http:\/\/new.bowlingpaca.fr\/index.php?rest_route=\/wp\/v2\/pages\/10083\/revisions"}],"predecessor-version":[{"id":10084,"href":"http:\/\/new.bowlingpaca.fr\/index.php?rest_route=\/wp\/v2\/pages\/10083\/revisions\/10084"}],"wp:attachment":[{"href":"http:\/\/new.bowlingpaca.fr\/index.php?rest_route=%2Fwp%2Fv2%2Fmedia&parent=10083"}],"curies":[{"name":"wp","href":"https:\/\/api.w.org\/{rel}","templated":true}]}}